se 13, what is -9 - 145?
-151
In base 12, what is 23 - -36?
59
In base 10, what is 2 - 2?
0
In base 8, what is 234 - -6?
242
In base 13, what is -2 - 65?
-67
In base 5, what is 1101 - 10?
1041
In base 11, what is -9 - -25?
17
In base 2, what is -1000 + 101001001?
101000001
In base 3, what is -120 + -1110020?
-1110210
In base 12, what is -4 + 98?
94
In base 11, what is 11 + -153?
-142
In base 5, what is 0 + 4033?
4033
In base 2, what is -101 + -1100000?
-1100101
In base 8, what is 1732 - -3?
1735
In base 12, what is -452 - 1?
-453
In base 9, what is -1 - 377?
-378
In base 9, what is 5 - -38?
44
In base 4, what is -13 - 1001?
-1020
In base 3, what is -1200 + -1000?
-2200
In base 2, what is 10 - 10000?
-1110
In base 9, what is 5 - -85?
101
In base 8, what is 3 - 1511?
-1506
In base 7, what is -231 + -3?
-234
In base 16, what is -2 + -a0?
-a2
In base 5, what is 1213 - 11?
1202
In base 16, what is -5 + 1fd?
1f8
In base 3, what is -10 - 112020?
-112100
In base 10, what is -29 + -222?
-251
In base 16, what is -2e - -6?
-28
In base 6, what is 101 - -5?
110
In base 3, what is -10112 - -10011?
-101
In base 4, what is 0 + -22?
-22
In base 4, what is 3101 - 21?
3020
In base 12, what is 4 + -331?
-329
In base 6, what is -40010 + 4?
-40002
In base 15, what is 4 - -491?
495
In base 2, what is -11010001000 - -11?
-11010000101
In base 4, what is 11020131 - -2?
11020133
In base 4, what is 102303 + 3?
102312
In base 8, what is 51 + -51?
0
In base 3, what is -12 + -110?
-122
In base 6, what is -1235 - 0?
-1235
In base 7, what is -104666 - -5?
-104661
In base 10, what is 2132 + -1?
2131
In base 5, what is 0 + 412?
412
In base 2, what is 1100100010 + -1?
1100100001
In base 10, what is -20873 + -2?
-20875
In base 9, what is -7 + 1633?
1625
In base 2, what is -110 + 1110?
1000
In base 7, what is 22 - 5?
14
In base 14, what is -3 - 2b?
-30
In base 13, what is 20 - -17?
37
In base 11, what is -49 - -5?
-44
In base 9, what is 67 - -144?
222
In base 7, what is -30 - 215?
-245
In base 6, what is 24010 + -4?
24002
In base 16, what is 2 - -8a?
8c
In base 14, what is 20 + -c?
12
In base 3, what is 120000 + -12?
112211
In base 3, what is 1001 + 211021?
212022
In base 10, what is -2 - -4397?
4395
In base 7, what is -3413 - -2?
-3411
In base 3, what is 10 + -11100?
-11020
In base 5, what is -3 + -2230?
-2233
In base 6, what is 43411 - 5?
43402
In base 8, what is -1 - -41?
40
In base 15, what is 4 - -2b5?
2b9
In base 3, what is 200 + 10012?
10212
In base 10, what is -339 - -5?
-334
In base 3, what is -21 - -20002?
12211
In base 13, what is 1 + 85?
86
In base 7, what is 0 - 4233?
-4233
In base 6, what is 20 + -414?
-354
In base 15, what is 39c + 1?
39d
In base 16, what is -2 - 5f?
-61
In base 14, what is 2d0 - -7?
2d7
In base 3, what is 0 + 10020012?
10020012
In base 15, what is 1 - -149b?
149c
In base 9, what is -1122 + 5?
-1116
In base 11, what is 2 - 179?
-177
In base 10, what is -35 + -131?
-166
In base 11, what is 153 - 1?
152
In base 16, what is 1 + 6b?
6c
In base 12, what is 42 + -19?
25
In base 6, what is 1 + 223?
224
In base 5, what is -1 + -2344?
-2400
In base 12, what is -17 + 4?
-13
In base 15, what is 4 - 1e0?
-1db
In base 12, what is 6 + 1064?
106a
In base 2, what is 1 - 111000?
-110111
In base 5, what is -4 + -120?
-124
In base 6, what is 12444 + -10?
12434
In base 9, what is -4 - -54?
50
In base 14, what is 1 + -361?
-360
In base 5, what is -4 + -2013?
-2022
In base 4, what is 1 + -303?
-302
In base 8, what is 303 + -1?
302
In base 2, what is -100 + 1100100111?
1100100011
In base 14, what is 140 - 4?
13a
In base 7, what is -2 + 342?
340
In base 12, what is -5 + 41?
38
In base 15, what is -7 - 1?
-8
In base 9, what is -21 - 35?
-56
In base 5, what is -3020 + 1?
-3014
In base 8, what is -335 - 127?
-464
In base 7, what is 606 + -60?
516
In base 7, what is -2 - 3?
-5
In base 3, what is 102211 + 12?
110000
In base 9, what is 0 + 2800?
2800
In base 10, what is 281 - 3?
278
In base 4, what is -10 + 1220?
1210
In base 4, what is 32321 - 2?
32313
In base 4, what is 23200001 - 3?
23133332
In base 4, what is 133303 - -11?
133320
In base 11, what is -34 - -4?
-30
In base 2, what is 111111 + -10110?
101001
In base 10, what is -2 + -73?
-75
In base 16, what is 5 - 72?
-6d
In base 6, what is 2421 - 31?
2350
In base 3, what is -20101101 - -1?
-20101100
In base 5, what is -2 + 11301?
11244
In base 10, what is 8 - 17?
-9
In base 6, what is -5020 - 5?
-5025
In base 6, what is 2 + -14310?
-14304
In base 10, what is 50 - 545?
-495
In base 9, what is -627 - -5?
-622
In base 16, what is -bc - 3?
-bf
In base 14, what is -3 + 1024?
1021
In base 10, what is 177 + 33?
210
In base 11, what is -1 + 72?
71
In base 10, what is -116 - 80?
-196
In base 9, what is 1583 + -4?
1578
In base 6, what is 4 + 10450?
10454
In base 11, what is -14 + -235?
-249
In base 12, what is 32 + -19?
15
In base 12, what is -952 + -1?
-953
In base 16, what is 2 - -6?
8
In base 12, what is b13 - 1?
b12
In base 3, what is 2 + 10000?
10002
In base 13, what is 6 + 1571?
1577
In base 9, what is -44 + 4?
-40
In base 14, what is -a + 18?
c
In base 6, what is 5 + -141?
-132
In base 5, what is -213 - -13?
-200
In base 7, what is 155 + -41?
114
In base 3, what is -201 - 1012?
-1220
In base 7, what is 2 + 111?
113
In base 16, what is b + -12?
-7
In base 15, what is -2 + a?
8
In base 3, what is 100 - 2002?
-1202
In base 8, what is 5 - 3005?
-3000
In base 9, what is -7 - 4?
-12
In base 8, what is -11141 - -1?
-11140
In base 7, what is -4 + -1312?
-1316
In base 5, what is 1004 - -1?
1010
In base 13, what is 3 + 0?
3
In base 13, what is -2 + 286?
284
In base 15, what is 91 + -2?
8e
In base 16, what is -91e + 0?
-91e
In base 16, what is -9b - 5?
-a0
In base 4, what is -11201 + 3?
-11132
In base 2, what is -1 + -1001?
-1010
In base 2, what is 100 - -1?
101
In base 5, what is 130 + -14?
111
In base 12, what is -a7 + 95?
-12
In base 2, what is 1000 - 1010010?
-1001010
In base 13, what is -23ac + -4?
-23b3
In base 5, what is 3023 + 420?
3443
In base 8, what is -113236 - 0?
-113236
In base 15, what is eaa - 4?
ea6
In base 2, what is 100110011101 + 1111?
100110101100
In base 14, what is 828 + -4?
824
In base 13, what is 353a - -5?
3542
In base 11, what is -4 - -47?
43
In base 8, what is -3003 - 2?
-3005
In base 3, what is -11200 + 2102?
-2021
In base 5, what is -10 + -422?
-432
In base 12, what is -1 - a4?
-a5
In base 12, what is 2 - 182?
-180
In base 8, what is -12 - 17?
-31
In base 2, what is 100 + -100001010010?
-100001001110
In base 14, what is -c - -159?
14b
In base 9, what is -20 - 12?
-32
In base 10, what is 284 - 16?
268
In base 6, what is 2 - 43?
-41
In base 14, what is 2c04 - 2?
2c02
In base 6, what is -5 + -2414?
-2423
In base 14, what is -7 - 26?
-2d
In base 3, what is -1210112 + 202?
-1202210
In base 10, what is -248 + 2?
-246
In base 14, what is -17c - 8?
-186
In base 8, what is -11 + -37?
-50
In base 13, what is -3 + 6a?
67
In base 11, what is 6 - 6?
0
In base 11, what is -11 - -19?
8
In base 13, what is -1 - -b62?
b61
In base 10, what is -5 - 1850?
-1855
In base 12, what is -2b - -4?
-27
In base 2, what is -1 + -101011?
-101100
In base 3, what is 2 + -2011?
-2002
In base 10, what is -332 + 29?
-303
In base 9, what is -2 - -25?
23
In base 14, what is -3 - -2b?
28
In base 13, what is 65 - 5?
60
In base 16, what is -269 + -2?
-26b
In base 5, what is -113434 + -1?
-113440
In base 10, what is -195 - 0?
-195
In base 8, what is 0 + 252?
252
In base 9, what is 15152 + 1?
15153
In base 8, what is -40 + 0?
-40
In base 10, what is 278 + -3?
275
In base 9, what is -216 - -2?
-214
In base 9, what is 3 - 103?
-100
In base 5, what is 344 - 3?
341
In base 10, what is -9 - 88?
-97
In base 11, what is -a06 - -4?
-a02
In base 6, what is -5 + -12?
-21
In base 15, what is a5 - 2?
a3
In base 5, what is 122 + -4?
113
In base 10, what is -1 - 72?
-73
In base 12, what is 54 - 8?
48
In base 6, what is -21 + -124?
-145
In base 9, what is -6 + 41?
34
In base 6, what is -302 - 123?
-425
In base 14, what is -2 - 532?
-534
In base 5, what is 4 - 24423?
-24414
In base 6, what is -154 + -5?
-203
In base 2, what is -100 + -100000101?
-100001001
In base 9, what is -1 + 103?
102
In base 6, what is 1535 + -2?
1533
In base 3, what is 1 - -2022111?
2022112